{"id":300,"date":"2023-01-23T18:52:29","date_gmt":"2023-01-23T18:52:29","guid":{"rendered":"https:\/\/hgs-hannover.de\/?page_id=300"},"modified":"2023-01-25T18:05:14","modified_gmt":"2023-01-25T18:05:14","slug":"preise-leistungen","status":"publish","type":"page","link":"https:\/\/hgs-hannover.de\/?page_id=300","title":{"rendered":"Preise &amp; Leistungen"},"content":{"rendered":"\n<p style=\"font-size:16px\">Wir reparieren s\u00e4mtliche Haushaltsger\u00e4te: Waschmaschinen, Trockner, K\u00fchl &amp; Gefrierger\u00e4te, <br>E-Herde sowie Sp\u00fclmaschinen. Dabei ist es unerheblich, um welches Fabrikat es sich handelt. <br>Ausgenommen sind Gasger\u00e4te, egal in welcher Ausf\u00fchrung, auch Ger\u00e4te in Verbindung mit Elektro Back\u00f6fen. <br>Des weiteren haben wir keinen Ersatzteilverkauf. Reparaturen werden grunds\u00e4tzlich direkt vor Ort durchgef\u00fchrt. <\/p>\n\n\n\n<p style=\"font-size:16px\">Unser Stundensatz betr\u00e4gt 66 Euro. <br>Als Grundarbeitszeit werden die ersten 30 Minuten berechnet, danach jeweils in 15 Minuten Schritten. <br>Alle Kostensch\u00e4tzungen werden nach Aufwand berechnet (Arbeitszeit &amp; Fahrtkosten). <\/p>\n\n\n\n<p style=\"font-size:16px\">Sollte f\u00fcr die Reparatur ein Ersatzteil bestellt werden, wird keine zweite Anfahrt berechnet. <br>Die Anfahrtskosten berechnen sich je nach Zone unterschiedlich. <br>Die f\u00fcr Sie zu berechnende Pauschale entnehmen Sie bitte aus dem Men\u00fcpunkt Einzugsgebiet. <\/p>\n\n\n\n<p style=\"font-size:16px\">Nat\u00fcrlich gew\u00e4hren wir auf alle von uns durchgef\u00fchrten Reparaturen eine Garantie. <br>Alle Preise zuz\u00fcglich MwSt. <\/p>\n","protected":false},"excerpt":{"rendered":"<p>Wir reparieren s\u00e4mtliche Haushaltsger\u00e4te: Waschmaschinen, Trockner, K\u00fchl &amp; Gefrierger\u00e4te, E-Herde sowie Sp\u00fclmaschinen. Dabei ist es unerheblich, um welches Fabrikat es sich handelt. Ausgenommen sind Gasger\u00e4te, egal in welcher Ausf\u00fchrung, auch Ger\u00e4te in Verbindung mit Elektro Back\u00f6fen. Des weiteren haben wir keinen Ersatzteilverkauf. Reparaturen werden grunds\u00e4tzlich direkt vor Ort durchgef\u00fchrt. Unser Stundensatz betr\u00e4gt 66 Euro. Als&hellip;&nbsp;<a href=\"https:\/\/hgs-hannover.de\/?page_id=300\" class=\"\" rel=\"bookmark\">Weiterlesen &raquo;<span class=\"screen-reader-text\">Preise &amp; Leistungen<\/span><\/a><\/p>\n","protected":false},"author":1,"featured_media":0,"parent":0,"menu_order":0,"comment_status":"closed","ping_status":"closed","template":"","meta":{"neve_meta_sidebar":"","neve_meta_container":"","neve_meta_enable_content_width":"","neve_meta_content_width":0,"neve_meta_title_alignment":"","neve_meta_author_avatar":"","neve_post_elements_order":"","neve_meta_disable_header":"","neve_meta_disable_footer":"","neve_meta_disable_title":"","footnotes":""},"_links":{"self":[{"href":"https:\/\/hgs-hannover.de\/index.php?rest_route=\/wp\/v2\/pages\/300"}],"collection":[{"href":"https:\/\/hgs-hannover.de\/index.php?rest_route=\/wp\/v2\/pages"}],"about":[{"href":"https:\/\/hgs-hannover.de\/index.php?rest_route=\/wp\/v2\/types\/page"}],"author":[{"embeddable":true,"href":"https:\/\/hgs-hannover.de\/index.php?rest_route=\/wp\/v2\/users\/1"}],"replies":[{"embeddable":true,"href":"https:\/\/hgs-hannover.de\/index.php?rest_route=%2Fwp%2Fv2%2Fcomments&post=300"}],"version-history":[{"count":5,"href":"https:\/\/hgs-hannover.de\/index.php?rest_route=\/wp\/v2\/pages\/300\/revisions"}],"predecessor-version":[{"id":449,"href":"https:\/\/hgs-hannover.de\/index.php?rest_route=\/wp\/v2\/pages\/300\/revisions\/449"}],"wp:attachment":[{"href":"https:\/\/hgs-hannover.de\/index.php?rest_route=%2Fwp%2Fv2%2Fmedia&parent=300"}],"curies":[{"name":"wp","href":"https:\/\/api.w.org\/{rel}","templated":true}]}}